mon divisor of w and 65.
13
Let w = -46 + 112. Let b = w + -62. Calculate the greatest common divisor of 3 and b.
1
Let f be 44/9 - (-3)/27. Suppose -3*p + 10 = 2*p. Suppose -p*s + f + 13 = 5*o, o = -5*s + 22. Calculate the greatest common divisor of o and 1.
1
Suppose 5*i - 73 = 2. Let f be -4*(44/(-16) + 3)*-9. Suppose -5*x = -f*x + 12. What is the greatest common factor of x and i?
3
Suppose -r = -5*r - 8, -2*z = 3*r + 590. Let v be (4 + z)*(0 - 6/9). What is the greatest common factor of 12 and v?
12
Suppose -4*z - 3*r = -5*r - 16, -r = 3*z - 12. Let w be 2/(-2) + (-33)/(-1). What is the greatest common factor of w and z?
4
Let f be 11/77 - (-69)/7. Suppose f = 3*h - 23. Suppose -136 = -y + 3*n, -y - n = 3*y - 479. Calculate the highest common factor of y and h.
11
Suppose -14*m + 35 = -9*m. Calculate the highest common factor of 287 and m.
7
Let j = 82 + -77. Let d = 12 - 7. Suppose 2*o - 30 = -4*s, -d*o - 53 + 143 = -j*s. What is the greatest common factor of o and 34?
17
Let n be ((-547040)/(-169))/20 - 2/(-13). What is the greatest common factor of 306 and n?
18
Let n be -12*105/(-40)*6. Calculate the highest common divisor of 21 and n.
21
Let z = 39 - -70. Let t = 113 - z. Calculate the greatest common factor of t and 12.
4
Let j(y) = 18*y**2 + 2*y + 1. Let f be j(-1). Let i(p) = 64*p + 4. Let k be i(1). Calculate the greatest common factor of f and k.
17
Let m = 314 + -241. Calculate the greatest common divisor of 511 and m.
73
Let j = -198 + 202. Calculate the greatest common factor of j and 32.
4
Let y be (1/1*-1)/(5/(-450)). What is the highest common divisor of y and 50?
10
Suppose n - 4 = -n. Suppose n*b + g - 15 = 0, 3*g + 2 = -b + 7. Calculate the greatest common divisor of b and 88.
8
Let w be 1 - -4 - (9 - 8). Suppose p + w*p = 45. What is the highest common factor of p and 1?
1
Let h be 31 + -26 - 1*-30. Calculate the highest common factor of h and 21.
7
Suppose 0 = -a + 10 + 9. Let w = -74 + 80. Suppose 2*o - w*o = -228. Calculate the greatest common factor of a and o.
19
Suppose 4*s + 3*r - r - 6 = 0, -4*r - 32 = -3*s. Let l(z) = z + 7. Let h be l(s). Calculate the greatest common divisor of h and 55.
11
Let q be -2 - 6888/(-3) - 2. What is the highest common divisor of 12 and q?
12
Let v be (14/(-4) - -2)/(18/168). Let q be (-8)/14 - 1212/v. Calculate the highest common factor of 43 and q.
43
Suppose -5*j + 2 = 7. Let v be 4 + 8*j - -104. Suppose -23 = d - 3*d - u, 5*d - 62 = -4*u. Calculate the highest common divisor of v and d.
10
Let t(j) = j + 2. Let a be t(12). Suppose -142 = -13*s + a. Calculate the greatest common divisor of s and 84.
12
Suppose 4*u = 2*n + 4354, -38*u + 36*u - 2*n + 2174 = 0. What is the highest common divisor of 96 and u?
32
Let j = 6 + -8. Let x be (0 + j + 4)*1. Suppose -x*q - 5*s - 3 = -0*s, -4*q - 3*s + 29 = 0. What is the greatest common factor of q and 88?
11
Let i be 233 + 77/14*-2. What is the highest common factor of 370 and i?
74
Let i(c) = -4*c**2 - 5 + c**3 - 5 + 1 - 3*c**2 + 3*c. Let v be i(7). Suppose 0 = 4*m + 10*m - 1344. Calculate the greatest common factor of v and m.
12
Let g = -108 - -159. Let l = 57 - g. Suppose w + 29 = s - 0*w, 0 = -2*s - w + 43. Calculate the greatest common factor of s and l.
6
Suppose 2*r = -566 + 66. Let q = 375 + r. What is the highest common divisor of q and 50?
25
Let t(w) = -8*w - 15. Let s be t(-8). Let a = s + -13. What is the greatest common factor of 24 and a?
12
Let i be (3 - 4) + -1*-3*2. Suppose -f + p + 10 = -0*p, 10 = f + i*p. Calculate the greatest common divisor of 2 and f.
2
Let o(m) = 2*m - 9. Let d be o(6). Suppose -310 = -d*z - 85. Let t = z + -21. What is the highest common factor of 9 and t?
9
Let k(i) = 4*i**2 + 112*i + 112. Let z be k(-27). Let j be (78/(-9) - 2)*-3. Calculate the greatest common divisor of z and j.
4
Suppose 2*r - 18*p - 637 = -15*p, 2*r - 643 = -3*p. What is the highest common divisor of 40 and r?
40
Let l(r) = -r**2 + 4*r**3 - 2 - 6 - 7*r - 3*r**3. Let h be l(6). Let n = 1140 - 1114. What is the greatest common factor of n and h?
26
Let s(d) = -3*d**2 + 12*d - 2*d**2 - d**3 + 3 + 3*d**2 - 4*d**2. Let n be s(-8). Suppose 0 = -m - 11 + n. What is the greatest common factor of 120 and m?
24
Suppose -3*f = -5*g + 25 + 4, 2*f - 2 = -2*g. Suppose g*i = -2*q + 212, 0*i - 2*i = -4*q + 434. Calculate the highest common divisor of 27 and q.
27
Suppose -5*p + 114 = h - 7*p, 4 = -4*p. Calculate the highest common divisor of 280 and h.
56
Suppose -228 = -15*v + 372. What is the greatest common divisor of v and 100?
20
Suppose -26*d + 2990 + 390 = 0. Calculate the highest common factor of d and 170.
10
Let q(c) = -5*c**3 - 17*c**2 + 2*c + 15. Let o(y) = -y**3 - y**2 + 1. Let s(w) = 4*o(w) - q(w). Let g be s(-13). What is the highest common divisor of 75 and g?
15
Let p be 40 - (-7 - (-3 + -2)). What is the highest common factor of p and 28?
14
Let y(v) = 2*v**3 - 13*v**2 + 3*v + 11. Let d be y(7). What is the greatest common divisor of 33 and d?
3
Suppose 3 + 7 = 5*o. Let z be 8 + o - (1 + -1). Let l be 102/7 + 35/(2695/33). What is the greatest common factor of z and l?
5
Let b = 17 + 17. Let d(r) = 3*r**2 + 39*r + 193. Let u be d(-9). What is the highest common factor of b and u?
17
Let w be ((-700)/(-6))/5 + (-4)/(-6). Calculate the greatest common divisor of w and 32.
8
Let n(h) = 16*h**2 + 6*h + 44. Let g(z) = -3*z**2 - z - 9. Let y(r) = -11*g(r) - 2*n(r). Let p be y(0). Calculate the highest common factor of p and 99.
11
Let y be ((-9)/4)/((-90)/120). Suppose -y*b + 600 = 7*b. Calculate the greatest common divisor of 30 and b.
30
Let h(m) = 43*m + 1. Let q be h(2). Calculate the highest common factor of q and 2523.
87
Let d(t) = 22*t**2 - 32*t - 193. Let c be d(-5). Calculate the greatest common factor of 47 and c.
47
Let h = -67 + 75. Let x be (20/6)/(4/48). Calculate the highest common divisor of x and h.
8
Let t = -5 - -5. Suppose 2*g + 20 = 5*j, 3*g = 3*j - t*j - 12. What is the greatest common factor of 8 and j?
4
Suppose -94*c + 99*c - 165 = 0. What is the highest common divisor of c and 143?
11
Let i(z) = z**3 + 13*z**2 + z + 16. Let o be i(-13). Suppose -o*g = 5*s - 126, 3*g - 9 + 3 = 0. What is the greatest common factor of 24 and s?
24
Let g(a) = a**2 - 4*a + 3. Let w be g(4). Let x be 3/(-9)*w*15. Let m = x + 33. What is the greatest common factor of 54 and m?
18
Let y(v) = 8*v**2 + 12*v - 40. Let n be y(4). Calculate the greatest common divisor of 17 and n.
17
Let u(a) = 3*a**2 - 16*a. Let x be u(8). Suppose 6*c - 8 - x = 0. Calculate the highest common factor of c and 16.
4
Let g = -39 + 73. Suppose 225 = 3*k + 3*i - 195, -4 = -i. Suppose -j + 9*j = k. Calculate the greatest common divisor of j and g.
17
Let u(c) be the third derivative of -c**4 + 2*c**2. Let x be u(-1). Calculate the highest common divisor of x and 72.
24
Suppose -3*w + 157 = -u - 4*u, 4*u = -20. Let p = w + -40. Suppose 0 = 2*i + 3*t - 52, 2*i + 0*t - 84 = 5*t. What is the highest common divisor of p and i?
4
Let d be (1/(2/(-82)))/(-1). Let g(a) = -28*a + 76. Let w be g(-9). Calculate the highest common divisor of d and w.
41
Let s = 154 - -8. Suppose -m - y = -27, 0 = 5*m - 5*y + y - s. What is the highest common divisor of m and 120?
30
Let c = -270 - -272. What is the greatest common divisor of 23 and c?
1
Suppose d - 24 = 2*r + 2, 4*r + 16 = 0. Let m = 326 - 164. What is the highest common factor of d and m?
18
Let o be (-39)/(-1) - (-1 + -5 + 6). What is the highest common factor of 78 and o?
39
Suppose -11*b = -12*b + 3. Let j be 1 - -2 - b/(6/4). What is the highest common divisor of 1 and j?
1
Let z = 102 + -38. What is the greatest common divisor of z and 48?
16
Let a(k) = -31*k - 2. Let n be a(-1). Let j = n + -20. Let v = 256 - 157. What is the greatest common divisor of j and v?
9
Suppose 0 = 11*n - 65 - 100. Calculate the greatest common divisor of n and 375.
15
Let r(x) = -x**2 - 32*x - 131. Let o be r(-6). Let f(g) = -g**2 + 9*g - 9. Let t be f(7). What is the highest common divisor of o and t?
5
Let h be (-2)/(-14) - (-501)/21. What is the greatest common divisor of h and 54?
6
Let h(g) = g**2 - 9*g - 1. Let d = 21 - 11. Let u be h(d). Calculate the greatest common divisor of u and 63.
9
Let k(y) = -4*y**3 + 35*y**